 40?
7
Suppose -24*j - 195 = -39*j. Suppose 4*p + 12 + 4 = 0. Let a(o) = -8*o - 8. Calculate the remainder when a(p) is divided by j.
11
Suppose -4*s + 7*s = -5*x + 189, 197 = 5*x - s. What is the remainder when (-26)/x - (-299)/3 is divided by 34?
31
Let u(v) = 2*v**2 + 2*v + 6. Suppose 110*j - 30 = 115*j. Calculate the remainder when u(j) is divided by 38.
28
Let n(a) = -1 + 6*a + 9*a - 4*a. Calculate the remainder when n(3) is divided by ((-438)/(-292))/((-4)/((-176)/6)).
10
Let k be 4/(-6) - (-22)/6. Suppose 0 = -3*b + k*y + 45, -5*b + 2*b + 61 = y. Calculate the remainder when (155 - -7)*(-2 - 21/(-9)) is divided by b.
16
Let c be (6/(-12))/((-2)/(-92)). Let a = c - -27. Suppose -5*d + 2*g - 3*g = -141, d + a*g - 13 = 0. Calculate the remainder when 83 is divided by d.
25
Suppose 2*c + c - 81 = 0. Suppose -t = -2*p + p + 75, 2*p + 4*t - 156 = 0. Let n = p - 61. Calculate the remainder when c is divided by n.
12
Let f = 267 - 264. Suppose 7*g + 2*q + 242 = 9*g, f*g + q = 351. Calculate the remainder when g is divided by 30.
28
Let j(d) = 2*d**2 + 15*d. Let z be j(-24). Suppose 39*l + z = 48*l. What is the remainder when l is divided by 50?
38
What is the remainder when 848 is divided by ((-15)/(-6))/(847/(-142) - -6)?
67
Suppose -r = 3*a + 3 - 0, -a + 19 = -3*r. Suppose -4*p + 0*z = -4*z - 356, -5*z = 2*p - 199. What is the remainder when p is divided by (304/r)/8*-3?
16
Let l(x) = 27*x + 3. Let m(o) = -12 - 6 + 2 - 2 + 10*o + 5. What is the remainder when l(3) is divided by m(3)?
16
Suppose -7330*r - 20376 = -7354*r. Calculate the remainder when r is divided by 230.
159
Suppose 0 = -17*m + 18*m - 5*x + 4, 2*m - 5*x = 2. What is the remainder when 1853 is divided by m?
5
Suppose 0 = -2*x - 266 + 272. Let p = -11 - -12. Let y = 11 - p. What is the remainder when y is divided by x?
1
Suppose 47*a - 2095 - 113 = 31*a. What is the remainder when a is divided by 113?
25
Let y(v) = v**2 - 3*v - 23. Let g be y(-5). Let n(z) = z**3 - 16*z**2 - 14*z - 24. What is the remainder when n(g) is divided by 15?
12
Suppose i - 103 = -3*f, f - 6*f - 2*i = -171. Suppose 18*z + f*z = 5247. Suppose q = 2*q - 25. Calculate the remainder when z is divided by q.
24
Let l be (-55)/10*(16 - 4)/(-2). Suppose l*i = 43*i - 310. Calculate the remainder when 1020 is divided by i.
28
Suppose 0 = -4*r + 13 - 5. Suppose 2*s = -3*v - 20, r*v = -v - 5*s - 32. What is the remainder when ((-3)/1 - v) + 52 is divided by 9?
8
What is the remainder when 961 is divided by 17 - (2 - (-11 + -4 + 9))?
7
Let y(o) = 87*o + 5574. What is the remainder when 1967 is divided by y(-64)?
5
Let n(o) = -12*o**2 - 121*o - 7. Let m be n(-10). Suppose -2*h + 3*u = -275, -318 = -m*h - 3*u + 132. Calculate the remainder when h is divided by 49.
47
Let k(d) = 135*d**2 + 74*d + 57. Calculate the remainder when k(-3) is divided by 81.
78
Let f be (-5)/1*(-10808)/140. Suppose 14*k - f - 20 = 0. Calculate the remainder when 141 is divided by k.
25
Suppose -z + 6 = 12. Let n(j) = -2*j + 42. Calculate the remainder when n(z) is divided by 16.
6
Let a(c) be the first derivative of c**4/4 - 46*c**3/3 + c**2/2 - 22*c - 84. Calculate the remainder when a(46) is divided by 3.
0
Suppose 551 = 5*g - 2*v - 1448, -4*g + 1619 = 5*v. What is the remainder when g is divided by 67?
66
Let l(d) = -394*d - 1937. What is the remainder when 182 is divided by l(-5)?
17
Suppose -312*s - 722 + 5090 = 0. Let w be -2 + 4 - (-5 - 1). Let y(j) = j**2 + 3. Calculate the remainder when y(w) is divided by s.
11
Let b(v) = 101*v - 2044. What is the remainder when b(21) is divided by 39?
38
Let b(c) = 37*c + 40. Calculate the remainder when b(0) is divided by 36.
4
Suppose 4*c - 20960 = -4*v + 15032, 4*v = 4. What is the remainder when c is divided by 200?
197
Let o(d) = d**3 - 4*d**2 - 1. Let f be o(5). Let z = f + -9. Suppose -5*r + 283 = 3*q - 2*q, -7*q - 242 = -4*r. What is the remainder when r is divided by z?
12
Suppose -4*p - 64 = -188. What is the remainder when p is divided by (2340/10)/9 - 1?
6
Let g(p) = -871*p + 38. Let a be g(1). Let f = a - -891. Let h = 53 - 32. What is the remainder when f is divided by h?
16
Suppose 60*n - 26 = 55*n + 49. Calculate the remainder when 6041 is divided by n.
11
Suppose -53 + 585 = 7*d. What is the remainder when d is divided by 76?
0
Suppose 510*a + 7562 = 709*a. Let y = 74 - 35. What is the remainder when y is divided by a?
1
Let j = 35 - -67. Suppose -l + 9*z + j = 5*z, 4*z + 494 = 5*l. Calculate the remainder when l is divided by 20.
18
Suppose 4*t - 5*q = 8*t - 1077, 15 = -5*q. Let s = -155 + t. Suppose -k = 3*k - 120. Calculate the remainder when s is divided by k.
28
Suppose 4*n + x = 1079, -35*n = -33*n - x - 541. Suppose -n + 1800 = 10*l. What is the remainder when l is divided by 68?
17
Suppose 521*i = 550*i - 377. Calculate the remainder when 205 is divided by i.
10
Let o = 1870 - 78. What is the remainder when o is divided by 46?
44
What is the remainder when 1978/(-69)*(-15)/10 is divided by 11?
10
Let q = -63 - -68. Let j(d) = -3*d**3 + 27*d**2 + 4. What is the remainder when j(q) is divided by 7?
3
Suppose 0 = -10*b + 5 + 5. Suppose -4*f + 19 = -x, 2*x - b - 1 = 0. Calculate the remainder when 23 is divided by f.
3
Suppose z - 4*u - 549 = -2*z, -5*u = 2*z - 366. Suppose 3*h - z = 369. What is the remainder when h is divided by 58?
10
Suppose 0 = i - 4, v - 5*i + 14 = -i. Suppose -v*t = -2*z + 52, -2*t + 10 = -7*t. What is the remainder when 407 is divided by z?
23
Suppose -38*l - 609 = -1901. What is the remainder when 53 is divided by l?
19
Let r be (0 - 0) + 150 + 2. Let k = 73 - r. What is the remainder when (1 - 0)/((-1)/k) is divided by 22?
13
Let h(a) = -4*a**3 + 4*a**2 + 3*a. Let s be 4/(-10) + 1884/10. Suppose 5*o = o + s. What is the remainder when h(-3) is divided by o?
41
Let n(x) = 15*x**2 + 18*x - 2. Let o be n(-2). Suppose o*r - 1031 + 327 = 0. What is the remainder when 68 is divided by r?
4
Let r(b) = -38*b - 140. Calculate the remainder when (-1 - 16/(-12))*279 is divided by r(-4).
9
Suppose 30 = -107*a + 109*a - 12. Calculate the remainder when 7832 is divided by a.
20
Let h = 457 + -453. Calculate the remainder when h + (-42)/9 - 412/(-6) is divided by 59.
9
Let d(m) = -m + 39. Let k be d(9). Suppose k*z = 28*z + 22. Suppose 0 = 2*q - 75 + z. What is the remainder when 95 is divided by q?
31
Suppose -3 + 6 = x, -5*v = -3*x - 6. Let c(b) = 80*b - 44. What is the remainder when c(v) is divided by 67?
62
Let t(a) = -3*a + 31. Suppose 2*g = 223 - 151. Let k be ((-6)/12)/(1/g). Calculate the remainder when t(k) is divided by 29.
27
Let n(z) = -64*z + 3530. Calculate the remainder when n(53) is divided by 38.
24
Suppose 5*t - 2717 = h, 559 = t + 4*h + h. What is the remainder when t is divided by 108?
4
Let i(v) = -13*v - 36. Let n be i(-7). Let g = -59 + n. Calculate the remainder when (-63)/(-12)*g/6*-6 is divided by 12.
9
Suppose -1326 = 32*a - 22917 + 1463. What is the remainder when a is divided by (-2)/(-6) + 104/3?
34
Let h(o) = -o**3 - 26*o**2 + 28*o + 33. Let w = -91 + 64. What is the remainder when 185 is divided by h(w)?
5
Let g be (48 - 0) + 9/(-21)*-7. Suppose g = 3*i - 63. Suppose 4*c + 2*f - 603 = 3*f, -3*c - 2*f + 455 = 0. Calculate the remainder when c is divided by i.
37
Calculate the remainder when ((-1173)/68)/3*(-450 - 2) is divided by 17.
15
Suppose -5040*q + 5037*q = -369. Calculate the remainder when 1967 is divided by q.
122
Let t(g) = 42 - 28 + 8 - 4*g + 15. What is the remainder when 66 is divided by t(5)?
15
Let h(f) = 220*f**3. Let a be h(-1). Let b = 355 + a. Calculate the remainder when b is divided by 1/(-4) - 548/(-16).
33
Let l(o) be the first derivative of -15*o**2 - 22. Let t be l(-2). What is the remainder when 43 is divided by ((-5)/((-25)/(-2)))/((-2)/t)?
7
Suppose -55*b - x + 2712 = -51*b, -4*x + 16 = 0. Calculate the remainder when b is divided by 10.
7
Suppose -5*z - 2*q + 88 = 0, 3*z - 70 = -z - 2*q. What is the remainder when (-75)/(-30)*((-828)/(-10))/3 is divided by z?
15
Let j = -167 + 125. Let i(o) = -o - 8. Calculate the remainder when ((-4)/6 - 0) + (-1036)/j is divided by i(-21).
11
Suppose 0 = -0*a - 6*a + 216. Let d = 1515 - 1469. Calculate the remainder when d is divided by a.
10
What is the remainder 